 be (-21)/28*(4 + (-160)/15). Let z(d) = -d**2 + 13*d - 12. Give z(c).
28
Let y(q) = 6*q - 11. Suppose -10*a + 911 = 112*a - 65. Give y(a).
37
Let x(t) = -t**2 - 7*t - 5. Let s be x(-1). Let p be (16/6 - 3)*-3 + 2. Let d(m) = -p*m**2 + 8*m + 12*m**2 + 0 + 1 - 9*m. Determine d(s).
9
Let k be 336/36 + -2 + 4/6. Suppose 6*h - 34 = -16. Suppose k*j = h*j. Let w(v) = -v**2 - v - 8. Determine w(j).
-8
Let r(d) be the first derivative of -d**5/20 + 3*d**4/4 + 5*d**3/3 - 7*d**2/2 + 46*d - 27. Let v(i) be the first derivative of r(i). Determine v(10).
-7
Let c(a) = -a**3 + a - 7. Suppose 0 = -9*k + 33*k - 144. Suppose 0 = l + 7*l - k*l. What is c(l)?
-7
Let z(p) = -p - 8 + 11 - 6. Let d(g) be the third derivative of -g**4/24 + 5*g**3/3 - 10*g**2. Let v be d(6). Determine z(v).
-7
Let q(w) = -62*w + 3. Let s(k) = k**2 + 290*k - 879. Let r be s(3). Calculate q(r).
3
Suppose 3*u = -2033 - 505. Let a = 840 + u. Let w(r) = r**2 + 6*r - 3. Calculate w(a).
-3
Let f(z) = z**2 + 14*z + 1. Let w be f(-15). Let a(m) = 9 + 12*m + 1 + 14 - 13*m. Determine a(w).
8
Let j(z) be the first derivative of 3*z**4/4 - 2*z**3/3 - z**2 - 3. Let q be (-1 - (-20)/15)*6. Determine j(q).
12
Let c(j) = -j**3 + 3*j**2 + j - 4. Let m(x) = x**2 - 13*x - 9. Let k be m(15). Suppose 7 = 2*q + 1. Suppose 3*i = -q*l + k, l = -5*i + i + 16. Determine c(i).
-1
Let t(p) = -27*p + 87. Let u(c) = -16*c + 49. Let r(d) = -3*t(d) + 5*u(d). Determine r(4).
-12
Suppose 0 = -47*z + 13*z + 3230. Let f(m) = -5*m + 88 + z - 179. What is f(2)?
-6
Let n(u) be the third derivative of u**6/60 - u**3/6 + 4*u**2. Let l(x) = -9*x**3 - 7*x**2 + 2*x + 6. Let d(w) = -l(w) - 4*n(w). What is d(-7)?
12
Let f be 35/14*((-16)/(-10))/2. Let v be 132/54*f + 1/9. Let g(q) = q**3 - 5*q**2 - 4*q + 2. Determine g(v).
-18
Let w(u) = 2 + 8*u**2 - 33*u**2 + 19*u**2 - u**2 - u. Calculate w(2).
-28
Let i(u) = -12 + 13*u + 31*u - 79*u + 41*u. Give i(-9).
-66
Let q(z) = -3*z**2 - 5*z - 6. Let x(b) = -603*b + 10852. Let d be x(18). Determine q(d).
-8
Let i(t) = -t**3 - t**2 + 3*t + 1. Suppose -5*o = -u - 78 + 14, 4 = -o - 4*u. Suppose -5*j - 15 + 7 = -c, -4*c = 2*j + o. Give i(c).
-1
Let a(n) = -126*n + 1 + 3 + 261*n - 136*n - 6. Let i(u) = u + 1. Let z(f) = 3*f - 3. Let h(t) = -2*i(t) + z(t). Let q be h(7). Determine a(q).
-4
Let p(t) = -5*t**2 - 2 - 3*t + t + 10*t**2. Suppose -17*m + 34020 = 28*m. Let z = 758 - m. What is p(z)?
14
Suppose 0 = 4*p + 5*x + 21 + 26, -p = x + 10. Let m(r) = -121*r - 368. Give m(p).
-5
Let j(a) = -a - 3. Let f be j(-7). Let i = -150 - -174. Let n(h) = -i - h**2 - h - f*h + 25. Determine n(-7).
-13
Let c(s) = -s + 1. Let q = -82 - -113. Let n(v) = -q - v**2 + 10 + 10 - 12*v. Let d be n(-10). Determine c(d).
-8
Let h be 4/8*(0 + 236). Let l = h - 117. Let u(w) = -10*w**2 + 2*w - 1. Determine u(l).
-9
Suppose 13*u - 176 = 11*u. Let r be ((-6)/(-8))/(11/u). Suppose -20*o - r = -22*o. Let x(i) = i**2 - 5*i - 3. What is x(o)?
-9
Let p(h) = 2*h - 22. Let d(w) = -w**2 - 19*w - 69. Let c be d(-13). Suppose -f - 3*j = -1, -2*f + c = j - 8. Calculate p(f).
-2
Let h be 1*(3 - 4) - -23. Suppose h*c = 23*c - 2. Let j(a) be the first derivative of a**2/2 - 3*a - 10. Give j(c).
-1
Let z(l) = -2*l - 1. Suppose 4*m = 4*k + 12, -2*m + 4*k = -0*m - 8. Suppose 0*g = -g + m. Let n be ((-9)/g - -2)*2. Calculate z(n).
9
Let o(q) = -30*q + 202. Let i(j) = 23*j - 154. Let b(k) = -13*i(k) - 10*o(k). Let r be (-10)/(-25) - 63/(-5). Determine b(r).
-5
Let j = -206 - -220. Let u be 4/j + 45/(-35). Let z(o) = 11*o + 3. Let v(h) = -56*h - 16. Let g(k) = 2*v(k) + 11*z(k). What is g(u)?
-8
Let a(x) be the second derivative of -2*x**3 - 11*x**2 + 2*x - 38. Determine a(-2).
2
Let u(g) = g**3 - 2*g**2 + 4*g - 6. Let d be 24/2 + (43 - 38) + -17. What is u(d)?
-6
Let o(l) = l - 2. Let t be o(5). Let s(v) = -t*v**3 + v**2 + 2*v**3 + 6*v**2 - 3*v. Suppose -2*y = -x - 15 + 35, 2*x = -2*y - 2. Calculate s(x).
18
Suppose -k + 17 = 14. Suppose 2*y - k*y + j = -25, -3*j - 25 = -y. Let a(u) = -20*u - y*u + 47*u. Give a(4).
8
Let i(h) be the first derivative of -h**3/3 - h**2 - h + 1508. Let v(g) = -3*g + 3. Let c(l) = l**2 - 3*l - 2. Let t be c(4). Let x be v(t). Calculate i(x).
-4
Let b(w) = w**3 - 9*w**2 + 5*w + 10. Let s(c) = -5*c**2 + 22*c - 20. Let v be s(8). Let y = v - -172. What is b(y)?
-14
Let z(c) = -3753*c - 3796*c + 7559*c - 41. Give z(13).
89
Let c(w) = 3*w + 25371*w**2 + 7 - 25372*w**2 - 3. Give c(5).
-6
Let d(o) = 14*o - 66. Let t be d(5). Suppose -z + 2*m + 2 = 3*z, t*z = 4*m + 4. Let g(k) = -k - 7. Give g(z).
-7
Let b(t) = t**2 - 53*t + 419. Let h be b(10). Let o(c) = 3*c - 10. Give o(h).
-43
Let v(g) = 0 + 0 + g - 6. Let t be -8*(-7)/56*5. Suppose -x + 3*x = -t*a, -2*x + 12 = -a. Give v(x).
-1
Let t(l) = 7*l**2 + 31*l - 64. Let z be t(-6). Let n(x) = x**2 - 6*x - 1. Calculate n(z).
-9
Suppose -q + 313*s - 312*s = 6, -3*q + 5*s = 0. Let l(v) = 18*v + 265. What is l(q)?
-5
Suppose -20 = -2*d - 5*k, 13*k = -5*d + 18*k - 20. Suppose h + 13 = -4*z, -h - 2*z + 3*z + 7 = d. Let f(o) = o**2 - 5*o + 6. Give f(h).
0
Suppose -4*j + 22*p - 24*p = 34, 2*j - 4*p + 42 = 0. Let h(r) = -r**3 - 10*r**2 + 13*r - 1. Give h(j).
-23
Let v(b) = 2 + 2*b + 0*b - 3 + 3*b**2. Let n(m) = -m**3 - 2*m**2 + 14*m + 27. Let c be n(-4). Let y be c + -9 + 1 + 3 + -1. Give v(y).
20
Let a(t) = t**3 - 12*t**2 - 12*t - 17. Suppose 42*u - 50*u + 92 = 4*f, 5*u = -5*f + 50. Calculate a(u).
-4
Let h be 5/2 + 2/4. Suppose 4*o + 3*j - 36 = 0, -6*j = -2*o - h*j. Let t(y) be the third derivative of y**5/60 - y**4/4 - 7*y**3/6 + 3274*y**2. Determine t(o).
-7
Let o(p) be the third derivative of -p**6/120 - p**5/6 - p**4/2 - 7*p**3/6 + 83*p**2 + p + 9. Suppose -4*v - 18 = -2*v. Give o(v).
20
Let v(b) = b**3 - 13*b**2 + 8*b - 13. Suppose 3*c + 12 = 6*c + 2*i, -2*i = 4*c - 14. Let z(h) = 2*h**2 + h + 1. Let w(p) = c*z(p) + v(p). Determine w(8).
5
Let m(l) = l + 4*l - 6*l - 6 + 3. Let q(y) = -y + 16. Let g(s) = -3*m(s) - q(s). Calculate g(7).
21
Let v(o) = -3*o**2 - 1316596 - o**3 + o**2 + 1316612 + 17*o. Calculate v(-5).
6
Let o(m) = m**3 + 10*m**2 + 12*m + 13. Suppose -14*n + 197 = -181. Suppose n*f = 18*f - 81. What is o(f)?
-14
Let z(l) = l - 2. Let i(s) = 6*s - 8 + 5*s + 3 + 3 + s**2. Let b(v) = i(v) - 3*z(v). Give b(-7).
-3
Let o(p) = 3*p**2 - 219*p - 222. Let x be o(74). Let m(c) = -2*c**2 - 26*c + 4. Calculate m(x).
4
Let a be 702/2 + (-8)/(40/(-25)). Let m = a + -359. Let h(q) = -q**3 - 3*q**2 + 2*q + 1. Calculate h(m).
-5
Let o(z) = -z**3 + 3*z**2 + 15*z + 5. Suppose -2*j + 23 = 3*q, -562*q + 566*q + 2*j - 30 = 0. What is o(q)?
-86
Suppose -4*l - 15 - 13 = 0. Let n(u) = -u - 9. Let q(x) = 1. Suppose 5*i = -3*j + 23, 0*j + 5 = 2*i - 3*j. Let g(b) = i*q(b) + n(b). Calculate g(l).
2
Let j(z) be the first derivative of z**2/2 - 6*z + 1965. Let y be 101/2 - 2/4. Suppose 0*c - 14 = -4*i + 2*c, 4*c = -5*i + y. Give j(i).
0
Let q(c) = -15*c + 127. Suppose 64*d - 472 = 5*d. What is q(d)?
7
Let s(k) = -189 + 54 + 51 - 9*k + 60. Determine s(3).
-51
Let l(m) = -m**2 + 2*m + 6. Suppose 2*t - 3*k - 4 = 19, -10 = 2*k. Suppose -n - 5*g - 11 = 2, -4*g + t = -4*n. What is l(n)?
-9
Let g(m) = 3*m**2 - 127*m**3 + 57*m**3 + 2 + 42*m**3 + 29*m**3 - 2*m. Let k be 6*-1*1 - -2. Give g(k).
-6
Let r(v) = v**3 - v**2 - 4*v + 1. Let z be ((-15)/20)/(4/(-16)). Suppose -5*n + 30 = -5*x, -4*x - n = -z*x. What is r(x)?
-23
Let x(a) = a**3 - 5*a**2 - 3*a + 5. Let i be 2/(-3)*(0 + -12). Let f be 0 + 18 - 378/18. Let o = f + i. Calculate x(o).
-10
Let p(i) be the third derivative of -5*i**4/24 + 10*i**3 + i**2 - 464. Determine p(13).
-5
Let x(m) = 7*m**2 + 11*m + 24. Let i(d) = -3*d**2 - 5*d - 12. Let l(z) = -5*i(z) - 2*x(z). What is l(-5)?
22
Let j(x) = x**2 + 8*x - 29. Let t(n) = n**3 - 12*n**2 - 133*n - 11. Let r be t(-7). Give j(r).
4
Let r(z) be the second derivative of -z**4/12 + 2*z**2 + 2*z + 334. Let p(j) = -j - 2. Let v be p(-3). Let y be ((-1)/(-1) - 1)/v. Calculate r(y).
4
Let x(g) = 2*g**2 + 101*g - 49. Let d be x(-51). Suppose -5*o + d*u + 43 = -0*u, 30 = 2*o - 4*u. Let h(a) = 2*a**2 - 12*a - 9. Determine h(o).
5
Let m(a) = 4*a - 155. Suppose 0 = 76*c - 78*c + t + 73, 3*c = -5*t + 116. Determine m(c).
-7
Suppose 30*k - 26*k - 20 = 0. Suppose 2*d - k = 1. Let w be -7 - (0 - (d - 0)). Let